of 864318 and 819?
273
Calculate the greatest common divisor of 68233 and 11.
11
Calculate the greatest common divisor of 83 and 655534.
83
What is the greatest common factor of 5786 and 461302?
526
What is the greatest common factor of 91020 and 10988?
164
What is the greatest common divisor of 2162 and 54?
2
Calculate the greatest common factor of 1053 and 767.
13
Calculate the highest common divisor of 2806 and 3294.
122
Calculate the highest common divisor of 476 and 10892.
28
Calculate the greatest common factor of 338272 and 66.
22
What is the greatest common factor of 477 and 23267?
53
What is the greatest common divisor of 2360 and 107970?
590
Calculate the highest common factor of 15980 and 765.
85
Calculate the greatest common divisor of 59 and 107203.
59
What is the highest common factor of 120835 and 495?
55
What is the greatest common divisor of 1905 and 135?
15
Calculate the greatest common factor of 413 and 406451.
59
What is the highest common factor of 52 and 312572?
52
What is the greatest common divisor of 24 and 859056?
24
Calculate the greatest common factor of 4765 and 65.
5
Calculate the highest common divisor of 3506448 and 696.
696
Calculate the highest common divisor of 15 and 84585.
15
Calculate the greatest common factor of 448 and 189.
7
What is the highest common divisor of 215 and 172215?
215
What is the greatest common factor of 554 and 89?
1
Calculate the highest common factor of 264 and 580008.
264
What is the greatest common factor of 3056 and 333486?
382
What is the highest common factor of 10 and 923035?
5
What is the greatest common factor of 16909 and 185?
37
What is the greatest common factor of 350 and 10920?
70
What is the highest common factor of 314 and 186202?
314
What is the greatest common divisor of 124808 and 12?
4
What is the greatest common divisor of 416 and 59124?
52
Calculate the highest common factor of 204872 and 424.
8
What is the greatest common factor of 9456 and 39?
3
What is the greatest common factor of 874 and 1472?
46
What is the highest common divisor of 35 and 33845?
35
What is the highest common factor of 4130669 and 2458?
1229
What is the greatest common factor of 6108 and 420?
12
Calculate the greatest common factor of 117513 and 1584.
99
Calculate the greatest common factor of 45278 and 4.
2
Calculate the greatest common factor of 13199 and 394.
197
Calculate the highest common factor of 20778 and 9.
3
Calculate the greatest common factor of 955739 and 419.
419
Calculate the greatest common divisor of 38913 and 48832.
763
Calculate the greatest common factor of 2060 and 2760.
20
What is the highest common divisor of 52256 and 5254?
142
What is the greatest common factor of 84224 and 9268?
28
Calculate the highest common factor of 491257 and 3565.
713
What is the highest common factor of 967 and 1358?
1
Calculate the greatest common factor of 46433 and 36989.
787
Calculate the greatest common divisor of 180 and 88170.
30
Calculate the highest common factor of 2880 and 29880.
360
Calculate the highest common divisor of 4818230 and 265.
265
Calculate the greatest common divisor of 5143 and 29607.
139
Calculate the highest common divisor of 2699494 and 203.
203
Calculate the greatest common divisor of 767221 and 819.
91
What is the greatest common divisor of 66 and 9141?
33
What is the highest common factor of 18704 and 896?
112
Calculate the highest common factor of 136 and 53414.
34
What is the highest common divisor of 266065 and 381?
127
Calculate the highest common divisor of 151268 and 130.
26
What is the highest common divisor of 68625 and 1830?
915
Calculate the highest common divisor of 21 and 180189.
3
Calculate the greatest common divisor of 312 and 5739942.
78
Calculate the greatest common divisor of 13224 and 1368.
456
What is the highest common divisor of 168465 and 330?
165
What is the greatest common divisor of 152 and 77501?
19
Calculate the greatest common factor of 10668 and 84.
84
Calculate the greatest common factor of 1290 and 115326.
258
Calculate the greatest common factor of 438 and 2448.
6
Calculate the greatest common divisor of 9 and 298719.
9
What is the highest common divisor of 19906 and 2553?
37
What is the highest common factor of 7747 and 122?
61
Calculate the greatest common divisor of 98 and 492695.
49
What is the greatest common divisor of 142688 and 56?
56
What is the highest common divisor of 1397 and 4699?
127
What is the greatest common factor of 3245 and 3685?
55
What is the highest common divisor of 332775 and 13005?
765
Calculate the highest common factor of 169749 and 135.
27
Calculate the highest common divisor of 24864 and 192.
96
Calculate the greatest common divisor of 2303 and 103823.
47
Calculate the highest common divisor of 10 and 1408.
2
What is the highest common factor of 74979 and 405?
27
What is the highest common divisor of 1263 and 291332?
421
What is the highest common factor of 6 and 29187?
3
Calculate the highest common factor of 828 and 930258.
414
What is the greatest common factor of 925 and 2664?
37
What is the greatest common divisor of 182 and 2170?
14
Calculate the greatest common factor of 12 and 975174.
6
What is the highest common factor of 9610884 and 684?
684
What is the highest common factor of 66 and 1754720?
22
Calculate the greatest common divisor of 1043 and 42.
7
Calculate the greatest common divisor of 588328 and 104.
104
Calculate the greatest common divisor of 13453 and 99.
11
Calculate the greatest common factor of 105 and 12278.
7
What is the highest common divisor of 192685 and 445?
445
What is the highest common factor of 70664 and 12221?
121
What is the greatest common factor of 4221 and 879?
3
What is the greatest common factor of 68634 and 6138?
558
What is the highest common factor of 40168 and 8?
8
What is the highest common divisor of 1066 and 10250?
82
What is the greatest common divisor of 165 and 29997?
33
What is the greatest common divisor of 329157 and 9?
9
What is the greatest common divisor of 3549 and 3003?
273
Calculate the highest common factor of 1143 and 3556.
127
Calculate the greatest common divisor of 1587 and 3657.
69
Calculate the greatest common divisor of 4470 and 690.
30
What is the greatest common factor of 14 and 16142?
14
Calculate the greatest common divisor of 75638 and 118.
118
Calculate the highest common divisor of 130318 and 184.
46
What is the highest common divisor of 307026 and 740?
74
What is the highest common factor of 317 and 16484?
317
What is the greatest common divisor of 46107 and 20727?
423
Calculate the greatest common divisor of 32 and 6376.
8
What is the highest common divisor of 229448 and 174?
58
Calculate the highest common factor of 2 and 153252.
2
Calculate the greatest common divisor of 49275 and 108.
27
What is the greatest common divisor of 2394 and 246240?
342
Calculate the highest common factor of 611 and 996400.
47
Calculate the highest common factor of 11840 and 1560.
40
What is the greatest common divisor of 156 and 3783?
39
What is the greatest common divisor of 1116542 and 2768?
346
What is the greatest common divisor of 284513 and 107?
107
Calculate the highest common factor of 38799 and 26345.
479
What is the greatest common factor of 494235 and 735?
105
What is the greatest common divisor of 112 and 1475572?
28
Calculate the highest common divisor of 124 and 467356.
124
Calculate the highest common divisor of 244854 and 1342.
122
What is the highest common divisor of 157470 and 100?
10
Calculate the greatest common divisor of 143856 and 15392.
592
Calculate the greatest common divisor of 602 and 64834.
14
What is the highest common factor of 296 and 9916?
148
What is the greatest common factor of 224 and 203728?
112
Calculate the highest common factor of 28 and 44828.
28
Calculate the highest common factor of 994536 and 8.
8
What is the greatest common divisor of 282608 and 144?
16
What is the greatest common factor of 13675 and 51418?
547
What is the highest common factor of 36 and 415068?
12
Calculate the highest common factor of 3717 and 4113.
9
What is the highest common divisor of 21987 and 2709?
63
What is the greatest common divisor of 39 and 1670669?
13
Calculate the greatest common divisor of 17877 and 708.
177